 - -6?
-8567811
In base 10, what is 5576 + 1634?
7210
In base 11, what is -292a - -4243?
1414
In base 6, what is 23 + 133232431?
133232454
In base 10, what is 983 + 109784?
110767
In base 5, what is -1303221 - -423011?
-330210
In base 12, what is 2614889 - 7?
2614882
In base 10, what is -946 - 11040?
-11986
In base 4, what is 103002 - 12103112?
-12000110
In base 13, what is -1c - 1b107?
-1b126
In base 4, what is -10013 + 13100033?
13030020
In base 14, what is 218169b + 1?
218169c
In base 3, what is -110120021 + -21020?
-110211111
In base 15, what is 0 - -3b787ed?
3b787ed
In base 13, what is 46 + 3037587?
3037600
In base 6, what is 11 + -113504102?
-113504051
In base 16, what is -1d9 + -3643?
-381c
In base 15, what is -2045 - 58?
-209d
In base 7, what is 2 + 21423364?
21423366
In base 3, what is 1211201 - 12220121211?
-12211210010
In base 10, what is -1522 + 144758?
143236
In base 13, what is 1306bb - 34?
130687
In base 10, what is -7 - -96893701?
96893694
In base 6, what is -311 + -3043540?
-3044251
In base 15, what is -178 + -3784?
-390c
In base 3, what is -1221220022101121221 + -12?
-1221220022101122010
In base 14, what is -9b55 + 192?
-99a3
In base 2, what is 11 + -1000010001101010001000001?
-1000010001101010000111110
In base 4, what is 1020012003130 - 20?
1020012003110
In base 6, what is 1504 - -240213?
242121
In base 7, what is -24653 + 6122?
-15531
In base 15, what is -2336d8 + -c?
-2336e5
In base 15, what is -2de53 - 44?
-2de97
In base 2, what is 1000011010 - -1100111001111110?
1101000010011000
In base 3, what is -202 - -111210200012202?
111210200012000
In base 12, what is 1 + -2a45a443?
-2a45a442
In base 2, what is 110111 + -1011001111010011001?
-1011001111001100010
In base 10, what is -223164369 + -4?
-223164373
In base 12, what is -213370 - 11?
-213381
In base 5, what is -4300 + 3043122?
3033322
In base 14, what is 30b89c - 37?
30b865
In base 15, what is -3 + 3a2d3a?
3a2d37
In base 8, what is 77443 - -7?
77452
In base 6, what is -5241 - 12203?
-21444
In base 15, what is -7396b - 14?
-73980
In base 9, what is 8274 + -2553?
5621
In base 14, what is 4b + -83bb5?
-83b68
In base 8, what is -104214 - -256?
-103736
In base 10, what is -6665501 + -2?
-6665503
In base 10, what is 87 + 156913?
157000
In base 5, what is -123121442 + 33?
-123121404
In base 14, what is -1 + 1300486?
1300485
In base 10, what is 8630 + 351?
8981
In base 16, what is 3 + 270856f?
2708572
In base 12, what is 1292762 - a?
1292754
In base 13, what is -13 - -7c36cab?
7c36c98
In base 6, what is -201213120 + -140?
-201213300
In base 3, what is 201010 + 1120101102011?
1120102010021
In base 15, what is -d3b1e - -23e?
-d38d0
In base 5, what is -33140 - -422032?
333342
In base 6, what is 10 + -10232514?
-10232504
In base 3, what is 111221020 + -211001021?
-22010001
In base 16, what is 3e2442 - 65?
3e23dd
In base 9, what is -5823045 - 0?
-5823045
In base 12, what is 60470 + 71?
60521
In base 13, what is -3 - 770b65?
-770b68
In base 6, what is -144 + -305331?
-305515
In base 15, what is -5 + 8d7cc?
8d7c7
In base 7, what is 35 + 3013613?
3013651
In base 16, what is -950f4 + 1c?
-950d8
In base 3, what is -1020222201 - 12101212?
-1110101120
In base 9, what is -430 - 66736?
-67266
In base 14, what is -508 + -c7a2?
-ccaa
In base 5, what is -3014301112 + 0?
-3014301112
In base 2, what is 1 + -1111011001110000001000010100?
-1111011001110000001000010011
In base 6, what is 4423 - -2303214?
2312041
In base 13, what is -1 - 936acb?
-936acc
In base 14, what is -301c3513 - -4?
-301c350d
In base 10, what is 5492 + -2840?
2652
In base 7, what is 0 - 1253320630?
-1253320630
In base 4, what is 2 - 300231020132?
-300231020130
In base 13, what is -aa3a6 + 0?
-aa3a6
In base 12, what is 5 - -31a9081?
31a9086
In base 5, what is 14032344143 + -10?
14032344133
In base 5, what is -234 + 3012141214?
3012140430
In base 6, what is -4331502 - 0?
-4331502
In base 12, what is 140a4417 + 7?
140a4422
In base 5, what is -224334 - 1020233?
-1300122
In base 7, what is 4 - -144510051?
144510055
In base 6, what is 123 - 15514225?
-15514102
In base 8, what is 213 + -113244?
-113031
In base 6, what is -32232 - 5301?
-41533
In base 16, what is -1f9 - 5fa7?
-61a0
In base 12, what is -18b148 + 128?
-18b020
In base 16, what is 855 + -70e?
147
In base 7, what is 242 + -14060542?
-14060300
In base 3, what is 210 - -212210001122?
212210002102
In base 11, what is 107a930 - 5?
107a926
In base 3, what is 2201020022 + 1220220?
2210011012
In base 3, what is 12211 - 222012002?
-221222021
In base 2, what is 10 - 10000100001101011110111?
-10000100001101011110101
In base 15, what is 35 + -1b4da?
-1b4a5
In base 2, what is -110110111000001 - -10111011101010?
-11111011010111
In base 11, what is 5368170 + 0?
5368170
In base 16, what is -5 - 13da9b0?
-13da9b5
In base 11, what is 7 - 23041239?
-23041232
In base 7, what is 54 - -506331?
506415
In base 3, what is 120102002002210122 - -12?
120102002002210211
In base 5, what is -12 + 14014423130?
14014423113
In base 2, what is 11000001101101 + -1111011101010?
1000110000011
In base 7, what is -401204221 - -1?
-401204220
In base 10, what is 24585 + -531?
24054
In base 14, what is -1a39 - -3925?
1cca
In base 2, what is 0 - 1010010100101000000010?
-1010010100101000000010
In base 4, what is 21131 + 1001301010?
1001322201
In base 15, what is 7a02c0 - -3?
7a02c3
In base 5, what is 110314131 + 3432?
110323113
In base 15, what is 127e5 + c96?
1358b
In base 6, what is -223 - 20124211?
-20124434
In base 12, what is -24984 - -15?
-2496b
In base 6, what is -14224510131 + 1?
-14224510130
In base 3, what is 12101212101202 - -20?
12101212101222
In base 8, what is 1041030 - 43?
1040765
In base 16, what is -11c409 - 5b?
-11c464
In base 10, what is -8820 + -159447?
-168267
In base 13, what is 2497382 - 0?
2497382
In base 13, what is -1 + 2619a11c?
2619a11b
In base 6, what is -2053 + 1443433?
1441340
In base 6, what is 333314 - 51140?
242134
In base 15, what is 4a9be11 - -3?
4a9be14
In base 9, what is -2237 + 3854?
1616
In base 3, what is 12 - 2012122021201?
-2012122021112
In base 5, what is -144402 + -41032?
-240434
In base 15, what is -31909cb1 - 2?
-31909cb3
In base 10, what is -15115 - 1291?
-16406
In base 15, what is 429346 - e?
429337
In base 16, what is 6 + -2011b32?
-2011b2c
In base 14, what is -b + -310219?
-310226
In base 2, what is 111010 - 11010010000100111000?
-11010010000011111110
In base 6, what is -11022544412 + 1?
-11022544411
In base 3, what is 21 + 2102222021000120?
2102222021000211
In base 5, what is -10023020 + 2202?
-10020313
In base 12, what is -8a636 + 49?
-8a5a9
In base 5, what is -310 + -43430230?
-43431040
In base 5, what is 1 + 3430414310?
3430414311
In base 7, what is 5 + 365254301?
365254306
In base 7, what is -5 + 145535514?
145535506
In base 8, what is 72455 - -7201?
101656
In base 14, what is 3 + -c33dda?
-c33dd7
In base 13, what is -86 + -483345?
-4833cb
In base 13, what is -45 + -42b16?
-42b5b
In base 4, what is -113212012 + -331?
-113213003
In base 16, what is c6e - 437aa?
-42b3c
In base 12, what is -228888 - 2?
-22888a
In base 2, what is -1111 + 10000000100100101101100?
10000000100100101011101
In base 14, what is -16021 - -331?
-15ad0
In base 3, what is 10020100 - -1011221?
11102021
In base 3, what is 0 - 1112000021021020?
-1112000021021020
In base 12, what is -4 - 450b5057?
-450b505b
In base 4, what is 1331 - -21003222103?
21003230100
In base 6, what is 21 - -2552053312?
2552053333
In base 4, what is 2233122 - 30131?
2202331
In base 12, what is 49382 - -15b8?
4a97a
In base 16, what is 4 - -1fc9d5?
1fc9d9
In base 12, what is -2454863 - 2?
-2454865
In base 13, what is -7b1 + 5425b?
5377a
In base 13, what is -84a + -286a?
-33b7
In base 9, what is 375 - 18553?
-18167
In base 10, what is 377 - -178?
555
In base 4, what is -2210303023 - -110?
-2210302313
In base 16, what is 8832d + -39?
882f4
In base 11, what is 2 + 2905290?
2905292
In base 12, what is -706 + -4800?
-5306
In base 12, what is -44 + a37a94?
a37a50
In base 11, what is -2531941 - 2?
-2531943
In base 14, what is -476 + -28470?
-28906
In base 13, what is -64b1 - -134?
-637a
In base 2, what is -10001101001011010101 + 1011?
-10001101001011001010
In base 2, what is -1110010100100101001 + 1100100?
-1110010100011000101
I